by 122.
53
Calculate the remainder when 1687 is divided by 77.
70
Calculate the remainder when 1987 is divided by 51.
49
Calculate the remainder when 3793 is divided by 26.
23
What is the remainder when 296 is divided by 6?
2
What is the remainder when 449 is divided by 145?
14
What is the remainder when 631 is divided by 38?
23
What is the remainder when 43 is divided by 6?
1
What is the remainder when 693 is divided by 58?
55
Calculate the remainder when 514 is divided by 98.
24
What is the remainder when 2181 is divided by 7?
4
What is the remainder when 9419 is divided by 3132?
23
What is the remainder when 193 is divided by 43?
21
What is the remainder when 28169 is divided by 13?
11
Calculate the remainder when 443 is divided by 5.
3
Calculate the remainder when 222 is divided by 112.
110
Calculate the remainder when 1127 is divided by 1052.
75
What is the remainder when 3893 is divided by 8?
5
What is the remainder when 159 is divided by 156?
3
Calculate the remainder when 32 is divided by 17.
15
Calculate the remainder when 100 is divided by 21.
16
Calculate the remainder when 1141 is divided by 3.
1
Calculate the remainder when 687 is divided by 473.
214
What is the remainder when 684 is divided by 94?
26
What is the remainder when 429 is divided by 36?
33
What is the remainder when 182 is divided by 17?
12
Calculate the remainder when 853 is divided by 86.
79
What is the remainder when 97 is divided by 25?
22
What is the remainder when 403 is divided by 45?
43
Calculate the remainder when 524 is divided by 43.
8
Calculate the remainder when 1068 is divided by 83.
72
Calculate the remainder when 119 is divided by 113.
6
Calculate the remainder when 412 is divided by 114.
70
What is the remainder when 708 is divided by 145?
128
What is the remainder when 1528 is divided by 140?
128
Calculate the remainder when 1058 is divided by 264.
2
Calculate the remainder when 361 is divided by 28.
25
Calculate the remainder when 9901 is divided by 26.
21
Calculate the remainder when 199 is divided by 10.
9
What is the remainder when 137 is divided by 46?
45
What is the remainder when 961 is divided by 161?
156
What is the remainder when 3772 is divided by 16?
12
What is the remainder when 890 is divided by 47?
44
Calculate the remainder when 10 is divided by 5.
0
Calculate the remainder when 240 is divided by 129.
111
What is the remainder when 10776 is divided by 140?
136
Calculate the remainder when 4915 is divided by 60.
55
What is the remainder when 453 is divided by 19?
16
Calculate the remainder when 1920 is divided by 149.
132
Calculate the remainder when 28 is divided by 14.
0
What is the remainder when 1296 is divided by 282?
168
What is the remainder when 4403 is divided by 14?
7
What is the remainder when 327 is divided by 52?
15
Calculate the remainder when 719 is divided by 24.
23
Calculate the remainder when 687 is divided by 69.
66
Calculate the remainder when 16 is divided by 3.
1
Calculate the remainder when 111 is divided by 6.
3
Calculate the remainder when 507 is divided by 265.
242
What is the remainder when 9441 is divided by 12?
9
What is the remainder when 1091 is divided by 14?
13
What is the remainder when 267 is divided by 138?
129
What is the remainder when 105 is divided by 50?
5
Calculate the remainder when 423 is divided by 129.
36
What is the remainder when 1469 is divided by 26?
13
Calculate the remainder when 44 is divided by 38.
6
What is the remainder when 3117 is divided by 156?
153
What is the remainder when 7994 is divided by 13?
12
Calculate the remainder when 283 is divided by 11.
8
Calculate the remainder when 4905 is divided by 4898.
7
Calculate the remainder when 139 is divided by 37.
28
What is the remainder when 130 is divided by 63?
4
What is the remainder when 342 is divided by 338?
4
Calculate the remainder when 359 is divided by 177.
5
Calculate the remainder when 185 is divided by 35.
10
What is the remainder when 2944 is divided by 50?
44
What is the remainder when 1538 is divided by 70?
68
Calculate the remainder when 339 is divided by 17.
16
Calculate the remainder when 389 is divided by 148.
93
What is the remainder when 574 is divided by 3?
1
Calculate the remainder when 33 is divided by 3.
0
Calculate the remainder when 2709 is divided by 12.
9
What is the remainder when 81 is divided by 15?
6
What is the remainder when 2915 is divided by 5?
0
What is the remainder when 493 is divided by 50?
43
Calculate the remainder when 3107 is divided by 51.
47
Calculate the remainder when 3426 is divided by 47.
42
What is the remainder when 295 is divided by 30?
25
Calculate the remainder when 2895 is divided by 2887.
8
Calculate the remainder when 34 is divided by 23.
11
Calculate the remainder when 848 is divided by 180.
128
What is the remainder when 262 is divided by 47?
27
What is the remainder when 1461 is divided by 185?
166
Calculate the remainder when 108 is divided by 15.
3
What is the remainder when 1772 is divided by 278?
104
What is the remainder when 378 is divided by 56?
42
What is the remainder when 105954 is divided by 183?
180
Calculate the remainder when 1514 is divided by 409.
287
Calculate the remainder when 454 is divided by 35.
34
Calculate the remainder when 827 is divided by 76.
67
Calculate the remainder when 154 is divided by 133.
21
Calculate the remainder when 56 is divided by 28.
0
What is the remainder when 101 is divided by 51?
50
What is the remainder when 248 is divided by 83?
82
Calculate the remainder when 127 is divided by 33.
28
What is the remainder when 50 is divided by 10?
0
Calculate the remainder when 89 is divided by 24.
17
Calculate the remainder when 441 is divided by 13.
12
Calculate the remainder when 12114 is divided by 303.
297
What is the remainder when 19 is divided by 10?
9
Calculate the remainder when 235 is divided by 126.
109
Calculate the remainder when 187 is divided by 5.
2
What is the remainder when 952 is divided by 765?
187
Calculate the remainder when 315 is divided by 16.
11
Calculate the remainder when 2765 is divided by 46.
5
What is the remainder when 537 is divided by 55?
42
What is the remainder when 7126 is divided by 22?
20
Calculate the remainder when 246 is divided by 50.
46
What is the remainder when 839 is divided by 220?
179
Calculate the remainder when 98 is divided by 2.
0
Calculate the remainder when 443 is divided by 93.
71
Calculate the remainder when 4275 is divided by 107.
102
Calculate the remainder when 848 is divided by 142.
138
What is the remainder when 8027 is divided by 5?
2
What is the remainder when 164 is divided by 15?
14
Calculate the remainder when 410 is divided by 21.
11
Calculate the remainder when 129 is divided by 24.
9
Calculate the remainder when 1296 is divided by 207.
54
Calculate the remainder when 45630 is divided by 92.
90
What is the remainder when 504 is divided by 198?
108
Calculate the remainder when 188 is divided by 34.
18
What is the remainder when 51 is divided by 11?
7
Calculate the remainder when 475 is divided by 145.
40
Calculate the remainder when 42 is divided by 3.
0
What is the remainder when 500 is divided by 6?
2
What is the remainder when 159 is divided by 21?
12
Calculate the remainder when 910 is divided by 102.
94
Calculate the remainder when 1512 is divided by 212.
28
What is the remainder when 183 is divided by 23?
22
Calculate the remainder when 1527 is divided by 30.
27
What is the remainder when 2789 is divided by 21?
17
Calculate the remainder when 419 is divided by 385.
34
What is the remainder when 26 is divided by 11?
4
What is the remainder when 1799 is divided by 53?
50
What is the remainder when 265 is divided by 16?
9
Calculate the remainder when 391 is divided by 31.
19
What is the remainder when 686 is divided by 86?
84
What is the remainder when 8744 is divided by 89?
22
Calculate the remainder when 369 is divided by 54.
45
What is the remainder when 15730 is divided by 276?
274
Calculate the remainder when 698 is divided by 25.
23
What is the remainder when 688 is divided by 82?
32
Calculate the remainder when 1287 is divided by 46.
45
Calculate the remainder when 449 is divided by 91.
85
What is the remainder when 21 is divided by 10?
1
Calculate the re